+ (-7 - (-18 - -5)).
-3
Evaluate -2 + 4 + 1 - 1.
2
What is the value of (-2 - -4) + (-3 - (2 + -5))?
2
What is 4 + -2 - 3 - (-10 - -13)?
-4
Calculate (0 - 5) + (-6 - -4).
-7
Calculate -1 + (5 - (6 - 3)) - 3.
-2
Calculate (-130 - -143) + -1 + -17.
-5
Evaluate 4 + 5 + -3 + 1 + -5.
2
What is (10 + -8 - 1) + 2?
3
What is the value of (-6 - -2) + (42 - 36)?
2
Evaluate 3 + (-5 - -5) + -5.
-2
-9 + 5 + 8 + -5
-1
Evaluate 9 - 5 - (-6 - -15).
-5
Evaluate -3 - (4 - (4 + 7)).
4
What is the value of -7 - (-4 - -3 - 2)?
-4
5 + -1 + 3 + -11
-4
Evaluate -15 + 18 - (-1 + 3).
1
(-5 - -2) + 6 + 0
3
What is (1 + (-7 - -2) - -1) + 3?
0
What is the value of -1 + (0 - (2 + 0)) + 5?
2
Evaluate -3 - (-7 - (-14 + 6)).
-4
Evaluate (2 - -1) + 16 + -15.
4
-2 - (6 - (11 + -6))
-3
11 + -11 + (5 - 1)
4
What is -12 + 4 - (-15 - -5)?
2
Evaluate 2 - (-9 + -1 - -7).
5
Evaluate 9 + -6 + -5 + -3 + 1.
-4
3 - (-7 - (-15 + 6))
1
Evaluate 2 - (12 - 5) - (-12 - 2).
9
What is 4 + 4 + -7 + 2 + 6?
9
What is -3 + 0 - (-7 + 8)?
-4
What is the value of 5 + (-4 - 1) + -5?
-5
Calculate 0 + (3 + (3 - 2) - 5).
-1
What is the value of -1 + (-2 - 7 - -2)?
-8
What is the value of -3 - (8 + -6 - 0) - -11?
6
Calculate -5 - 1 - (9 + -6 - 13).
4
What is -2 - (-7 + 2 + 6) - 1?
-4
What is the value of (0 - 0) + -3 - -6?
3
What is -1 + 1 - (10 + (-2 - 10))?
2
Calculate -51 - -44 - (-1 + (-1 - 1)).
-4
What is the value of 9 + (-6 - (-5 - -1))?
7
What is ((4 - -3) + -10 - 3) + -1?
-7
Evaluate (6 + -2 - 3) + 2.
3
What is 6 + 9 + -11 + 5?
9
-5 + (-3 - (-15 + 3))
4
Evaluate (5 - 1 - -2) + -9.
-3
Calculate -7 + 1 + (43 - 33).
4
-3 + 1 + 10 - 19
-11
Evaluate -1 - (2 + -4) - 1.
0
Calculate (3 + -3 - -3) + -1 + 3.
5
Calculate -1 - (-3 + (-7 - (-4 + 1))).
6
What is (-2 - 2) + (8 - 5) + 1?
0
What is 6 + -2 + 0 + -4?
0
Calculate 0 - (3 + 0 - 5).
2
-1 - (-1 + -6 + 1 - -1)
4
What is (-59 - -54) + 3 + 6 + 0?
4
What is -6 + 11 + (-3 - (-1 + -1))?
4
11 + (-18 - -6) - 6
-7
What is 5 + 0 - (14 - (8 + -5))?
-6
Evaluate 1 - (-9 + (11 - 1)).
0
Evaluate -5 + 0 + -3 + (3 - 2).
-7
What is 1 + (-3 - (-5 + -2))?
5
What is the value of 31 - 37 - (-1 + -1)?
-4
Evaluate 12 - (-11 - -8 - -7).
8
What is (-4 - (3 + (-5 - -4))) + 5?
-1
-7 - ((0 - -4) + -9 + 1)
-3
What is (26 - 22 - (5 + -1)) + 0?
0
What is the value of 4 + -6 + 8 - 4?
2
What is the value of 6 + 3 - 3 - 4?
2
Calculate -5 + 5 + -2 + -2 + 1.
-3
(12 - 13) + 2 + (1 - 2)
0
What is the value of 4 + (-3 - (-3 + 5 + -2))?
1
What is the value of (9 - 4 - 17) + 7?
-5
1 - (-7 + 14) - -11
5
What is -1 - -1 - (-3 - (-7 - -2))?
-2
What is -12 + 3 - (3 - (4 - -3))?
-5
-4 - (4 - (12 + -2))
2
(-2 - -7) + -7 - 4
-6
-5 + 5 + -2 - 0
-2
What is -3 + (1 + -3 - -1)?
-4
Calculate -1 - (1 + -1 - 2) - 2.
-1
What is (0 - -2) + 4 - (-8 - -13)?
1
8 - (7 - (-3 + 5))
3
(1 - -2) + -8 + 12 + 0
7
Calculate 2 - (3 + -4 + -2).
5
What is the value of 1 - 0 - (-44 - -49)?
-4
What is the value of 5 + (1 - -3) + -7?
2
Calculate -6 - -1 - -7 - 0 - 10.
-8
Evaluate (3 - (10 + (3 - 8))) + -3.
-5
Calculate (-8 + 17 - 0) + -13.
-4
Calculate 5 + -4 + -7 + 1.
-5
-7 - ((-7 - 1) + 2)
-1
Evaluate (1 - -9) + -13 + 2 + 1.
0
What is -1 - (5 - (0 - -7))?
1
What is the value of -1 + (-4 - (2 - 6))?
-1
What is the value of (-2 - -12) + -12 + 9 + -2?
5
2 + -2 + (4 - (1 - -8))
-5
-8 + 0 + 6 + 3
1
What is the value of (-7 - -1) + 10 - (0 - -8)?
-4
Evaluate 2 + ((3 - 3) + 3 - 3).
2
-9 - -5 - (-7 + -1)
4
Evaluate -2 + (3 - 3) + -4.
-6
What is -5 + 9 - 2 - -2?
4
Calculate -2 + 0 + -4 + 8.
2
Evaluate (-8 - -8 - -3) + (-3 - 1).
-1
What is -9 - 1 - (102 + -113)?
1
Evaluate (3 + 11 - 6) + -3.
5
Calculate -1 - 3 - (5 - 6 - -1).
-4
-2 + (1 - (2 + -5))
2
What is 3 + 1 + -3 + -2?
-1
(6 - 0) + -11 - -15 - 4
6
Calculate (-20 - -20) + (2 - -1) + -4.
-1
What is (0 - 0) + -10 - -18?
8
-6 + 2 + 6 + -9
-7
Evaluate 5 - (-7 - (0 + -4) - -4).
4
What is the value of 2 - (-12 - (2 - 10))?
6
Calculate 5 - (-4 + 4 + 3).
2
Evaluate -3 + (2 - -1 - 0) + -5.
-5
Evaluate 4 + -1 + -10 + 8.
1
What is (-2 + 0 - -7) + -2?
3
2 + -3 - (-8 + 9)
-2
Evaluate 1 - (14 + -2 + -6).
-5
-3 + 0 + (-1 - -1)
-3
(3 - 1) + (-27 - -15)
-10
What is 15 - 12 - (-1 - 0)?
4
(-1 - 2) + 12 + -1 + -7
1
3 - 3 - 1 - 4
-5
Calculate (-1 - ((-4 - -7) + -5)) + -1.
0
What is the value of -1 - -1 - 1 - 2 - 3?
-6
Calculate -1 - -6 - (-11 - -12).
4
What is (-3 - (0 - 2)) + 4?
3
What is the value of 0 + -5 + -4 + 4 + 0?
-5
What is 8 + (-21 - (2 - 9))?
-6
Calculate 26 + -24 - (-1 - -6).
-3
Calculate (0 - 1) + 1 + 24 + -21.
3
(-9 - -5) + 1 - (6 - 2)
-7
What is 2 + -1 + (1 - (14 + -7))?
-5
What is -6 - ((-5 - 7) + -3)?
9
Evaluate (-6 - 1) + (0 - -3).
-4
Evaluate -6 + 4 + 1 - -9.
8
What is 5 + (-3 - (-7 + 2))?
7
Evaluate (-7 - (1 + -4)) + 0.
-4
Calculate (-4 - (-5 - -3)) + (4 - 7).
-5
What is 2 - (9 + 1 + -8 + 3)?
-3
What is the value of -4 + 6 - (-4 + 2)?
4
Calculate -8 - -12 - 6 - -2.
0
What is -1 + 2 + -1 + 2?
2
Calculate -10 + 3 + 0 - -2.
-5
-12 - ((1 - 5) + -12)
4
What is 3 - (-2 + 6) - (0 + -4)?
3
What is the value of 2 + 1 + 1 + (-1 - 1)?
2
3 + 0 + 1 + -6
-2
Evaluate 20 + -17 + (-2 - -1).
2
Calculate -2 + (1 - -6) + (-5 - 3).
-3
What is (2 - (4 + -6)) + -3 + 1?
2
What is 1 + -4 + (0 + 0 - -7)?
4
Calculate (-3 - -4) + (-3 - -1) + -3.
-4
Calculate -9 + 4 + 5 - 2.
-2
What is 3 - 9 - (-18 + 17)?
-5
Evaluate 4 - (-4 + 9 - 1).
0
What is (7 + -8 - -9) + -5?
3
What is 1 - (-1 + 3 + (-4 - -1))?
2
What is (2 - 3 - (-5 + 4)) + -3?
-3
What is 2 + 3 - (4 + -2)?
3
What is the value of 5 + -5 + -7 - -12?
5
3 + (4 - (7 - (-1 + 6)))
5
What is -5 - -3 - 1 - -4?
1
Evaluate (13 - (0 - -6) - 1) + -1.
5
3 - -2 - (-5 + 10 + 5)
-5
Evaluate 0 - (6 - 5) - (-3 + -1).
3
What is 3 - (-8 + 13) - (0 + -6)?
4
(7 - 3) + -10 + (-8 - -6)
-8
What is (2 - 1) + -9 + 9?
1
Calculate (-5 + 14 - 11) + 10.
8
3 + (3 - (1 + 9 + -5))
1
-15 + 4 + 11 - (4 + 1)
-5
Calculate 0 - (-8 - -9) - 1.
-2
-1 - (-9 + 7 - 5)
6
Calculate -2 + (0 - ((5 - 2) + 0)).
-5
What is the value of -1 - -1 - (4 - 0)?
-4
41 + -48 - (0 - 12)
5
What is 5 + -8 - (-6 - 0)?
3
Evaluate 7 + (-5 - -9) + -6.
5
Calculate 9 + (0 - 7) - (7 - -1).
-6
What is the value of (-9 - (0 + 2)) + (66 - 62)?
-7
What is the value of -28 + 34 + (-1 - 2)?
3
What is the value of -3 + 3 + (-8 - -13)?
5
What is -1 + (2 + 2 + 7 - 1)?
9
Evaluate -13 + (2 - -3) - (-7 + 4).
-5
Evaluate (-1 - (10 + -8)) + 7.
4
What is the value of (-1 - -3) + -4 - -7?
5
Calculate -8 + 1 - (5 + -1 - 7).
-4
Calculate (2 - (1 + -1 + 2)) + 1.
1
Calculate (-4 - (-2 + 3)) + 8.
3
What is 2 + 2 + -4 + -1 + -5?
-6
What is -1 + -2 + (2 - -1) + 1?
1
Calculate 4 + -4 + (3 - 4) + 4.
3
What is the value of (4 - (0 + 1)) + (-43 - -38)?
-2
Calculate (1 - -1) + (-24 - -19).
-3
-9 + 4 - (-5 - -3)
-3
Evaluate 2 + (-6 - (-10 - (-4 + 4))).
6
What is 4 - (-3 - (-2 - (3 + 0)))?
2
Evaluate 0 + (-1 - 0) + 6 + -8.
-3
Evaluate (14 + -6 - 2) + -7 + 1.
0
Calculate -4 + 3 + 4 + -5.
-2
What is the value of -6 - (4 + (-2 - 3))?
-5
7 + 13 + -27 - -10
3
-6 + 0 + 2 + -1 + 10
5
Calculate 21 - 25 - (8 + -3).
-9
-17 - -7 - (1 - -2 - 5)
-8
What is the value of 0 + 1 + -6 + (16 - 5)?
6
What is 10 + (5 - (-5 + 7)) - 6?
7
What is 5 + 1 - 4 - 6?
-4
Calculate -1 - 8 - ((-3 - 2) + -1).
-3
Evaluate 0 - 6 - (-2 + 1 - 0).
-5
What is 11 - (5 - 4) - 4?
6
What is -3 + -3 + 4 + -5 + 3?
-4
Calculate (-3 - (10 - 7)) + (-3 - -12).
3
Calculate (1 + -3 + 2 - -2) + -1.
1
19 - (3 - -8) - 7
1
Calculate (4 - (-2 - -3 - 1)) + 0.
4
Calculate 2 + 3 + -1 + -3.
1
(-16 - -11) + 0 + 5 + -4
-4
Evaluate 1 + -2 - (4 + -7 + 4).
-2
What is -19 - -12 - (0 - -1)?
-8
What is 0 - (2 - 1 - -2)?
-3
9 + -2 - (-3 + 3 + 2)
5
Calculate -5 + -7 + 17 + -5.
0
4 + -2 - -3 - (7 - 5)
3
What is 1 - -3 - (3 + -2)?
3
What is 1 + (10 - 1) - 1?
9
Evaluate (2 + -8 + -4 - -1) + 5.
-4
Evaluate 2 - (-8 - (0 + -5)).
5
What is (14 - 8) + -8 + (1 - -4)?
3
Calculate (0 - 4) + (3 - (4 + -1)).
-4
What is the value of -5 - (-4 + 5 - 5)?
-1
What is -15 - (-7 + -11) - (-6 + 1)?
8
What is the value of -9 + (4 - 0) - -3?
-2
Calculate 3 + (-5 - 1) + (0 - -1).
-2
Calculate -2 + (-1 - -1 - -3).
1
Calculate 1 - -3 - (0 + (1 - -7)).
-4
What is (-3 - 2) + (-1 - -4)?
-2
What is 3 - (1 - (2 - 2))?
2
Calculate 2 + 11 + -4 - 5.
4
(-4 - -3) + -1 - (6 - 1)
-7
What is the value of (-1 - -6) + -6 + -6?
-7
5 - 2 - (-1 - -3)
1
What is the